alculate the remainder when 50 is divided by c.
23
Suppose 4*g - 142 = 2*c, -g - 2*g + 126 = 5*c. Let v = 33 - 23. What is the remainder when 1448/v + 11/55 is divided by g?
34
Let l = -253 + 384. Suppose -5*t - 4*w = -2*t - l, -3*t + 137 = -2*w. Calculate the remainder when 176 is divided by t.
41
Let a = 36 + -95. Let z = a + 42. Let t = z + 36. Calculate the remainder when t is divided by 5.
4
Suppose 908*q - 870 = 903*q. Calculate the remainder when q is divided by 30.
24
Let o(j) = 3*j**2 - 35*j + 169. Calculate the remainder when o(19) is divided by 42.
41
Suppose -5*o + 24 = 3*x - o, 5*x + 5*o - 40 = 0. Suppose 3*q - 57 = -3*b, -15 = -3*q + 3*b + 12. Calculate the remainder when q is divided by x.
6
Suppose 0 = -4*z + 10 - 178. Let h = z + 78. Calculate the remainder when 105 is divided by h.
33
Calculate the remainder when 74 is divided by ((-2)/2)/(1*(-8)/360).
29
Let z(x) = -6*x - 48. Suppose 5*f - 6*f = -51. What is the remainder when f is divided by z(-11)?
15
Let z be (-6)/(-12)*20/2. Suppose -z*i - 2*v + 745 = 0, -i + 5*i + 5*v = 579. Calculate the remainder when i is divided by 39.
34
Let z(g) = -2*g**3 - g**2 + 3*g + 3. Let r(y) = -24*y + 251. What is the remainder when z(-4) is divided by r(9)?
33
Suppose -2*q = -6*q + 8. Let s = 2 + q. Suppose 228 = -3*l + 7*l - 2*x, x = -s*l + 240. Calculate the remainder when l is divided by 15.
14
Let w = 3 + -3. Suppose w*b = -3*b + 180. Suppose 5*m + 0*k = k + 82, 0 = -5*m + 3*k + 86. Calculate the remainder when b is divided by m.
12
What is the remainder when -2*((-845)/10 + (0 - -1)) is divided by 56?
55
Suppose 290 = -d + 6*d. Calculate the remainder when d is divided by 1398/42 - (-8)/(-28) - (1 - -1).
27
Let d(o) = o**2 - 5*o - 11. Let a = 11 + -3. Suppose 3*k = 2*k + 50. What is the remainder when k is divided by d(a)?
11
Let a(l) = l**2 + 32*l + 299. Calculate the remainder when 452 is divided by a(-23).
84
Suppose -4*t + 105 = -23. What is the remainder when t is divided by 0 + 4/((-4)/(-7))?
4
Let n(q) = q + 16. Let l be n(-14). Suppose -2*w + 3 = -3*b - 38, l*b = -5*w + 74. Suppose 0 = -4*m + 14 + 10. Calculate the remainder when w is divided by m.
4
Let z = 814 + -767. Calculate the remainder when z is divided by 38.
9
Let d = 17 - 11. Let o = -93 - -52. Let y = o - -45. What is the remainder when d is divided by y?
2
Let l(q) = -q**2 + 3*q + 6. Let r be l(5). Suppose -76 = -3*a + 170. Calculate the remainder when a is divided by 68/(-6)*6/r.
14
Let z = 38 - 16. Let d = 50 - 46. Suppose -d*o + 14 + 38 = 0. Calculate the remainder when z is divided by o.
9
Let x = -91 - -48. Let u = -28 - x. Let v = -15 + 42. What is the remainder when v is divided by u?
12
Suppose -136 = -4*x - 5*v, -2*v + 0*v = x - 37. Calculate the remainder when 172 is divided by x.
27
Suppose -m + 25 = -6*m. Let s(g) = -5*g + 21. Let d be s(13). Let t = m - d. What is the remainder when t is divided by 14?
11
Suppose -71 + 31 = 5*q. Let r(b) = -9*b - 36. What is the remainder when 141 is divided by r(q)?
33
Let k(o) = o**3 + 4*o**2 - 7*o - 6. Let b be k(-5). Suppose -4*t = -5*s - 102, 5*s = -5*t + b*s + 113. Calculate the remainder when 44 is divided by t.
21
Let q be 6 + -1 + (12 - 17). Suppose 26 = 3*p - 2*w, -w - 19 = -2*p - 0*w. Suppose -3*y + q = -p. What is the remainder when 7 is divided by y?
3
Let j be (-100)/15*24/10. Let t = j - -29. Calculate the remainder when 49 is divided by t.
10
Let k = -50 + 65. Calculate the remainder when 43 is divided by k.
13
Suppose h - 4900 = -4*h. Suppose 0 = 4*t + h + 180. Calculate the remainder when 23 is divided by (-4)/22 + t/(-22).
10
Suppose 2*x = 4*x + h - 62, -2*h = -4*x + 124. Let t = 51 - 34. What is the remainder when x is divided by t?
14
Let f(z) = 24*z**2 - z + 1. Let h be f(1). Let t = h - 1. Calculate the remainder when 45 is divided by t.
22
Let p(s) = -8*s**2 + 149*s - 203. Let a = -7 + 3. Let z = 15 + a. Calculate the remainder when p(17) is divided by z.
7
Suppose -2*j = 9 - 3. Let n(o) be the second derivative of -5*o**3/6 + o**2/2 + 7*o. Calculate the remainder when 28 is divided by n(j).
12
Suppose 36*u - 4917 = 1815. Calculate the remainder when u is divided by 96.
91
Let w = -736 - -1019. What is the remainder when w is divided by 45?
13
Suppose 15*u - 14*u = m - 16, 5*u + 40 = 3*m. Calculate the remainder when 96 is divided by m.
16
Suppose -20 - 64 = -4*y. Calculate the remainder when 2959 is divided by y.
19
Suppose -2*r + 5*f = -27, f = 23*r - 19*r - 99. What is the remainder when 233 is divided by r?
25
Let y = -1152 + 1160. Calculate the remainder when 54 is divided by y.
6
What is the remainder when 126 is divided by -1 + -7 - (-58 - 5)?
16
Let n = -248 - -286. What is the remainder when 224 is divided by n?
34
What is the remainder when 557 is divided by 5 + 5/(-5) + -8 - -60?
53
Let f = 10 - 6. Suppose -97*s + 493 = -68*s. What is the remainder when s is divided by f?
1
Let v = -155 - -173. What is the remainder when v is divided by 4?
2
Let k(y) = -3*y**2 - 72*y + 29. Calculate the remainder when k(-24) is divided by 9.
2
Suppose 4807 = -28*l + 17323. What is the remainder when l is divided by 75?
72
Let i = -1773 + 1975. Calculate the remainder when 610 is divided by i.
4
Suppose 14 = b - 57. Suppose 8*m - 41 - b = 0. What is the remainder when 110 is divided by m?
12
Calculate the remainder when 127 is divided by 36/8*(-4)/(-6).
1
Let i = 254 - 243. What is the remainder when 139 is divided by i?
7
Let c(z) = -z**2 - 10*z + 42. What is the remainder when 188 is divided by c(-4)?
56
Suppose -3*s - s = 0. Calculate the remainder when ((-147)/(-4))/3*4 - s is divided by 13.
10
Let k(w) = -w**2 + 4*w + 39. Let i be (2 - 2)*(-1)/2*1. Calculate the remainder when k(i) is divided by (-7)/(6/4 - 2).
11
Let x(d) = -3*d**3 + 6*d**2 + 2*d - 2. What is the remainder when 123 is divided by x(-2)?
39
Let s be 4/32*4*4 + 46. Suppose 32 = -46*y + s*y. Calculate the remainder when 79 is divided by y.
15
What is the remainder when (66/(-44))/((-9)/132) is divided by 5?
2
Let n(j) = j + 5 + 2*j - 7 - 2. Suppose 5*w + 17 = 3*v, 3*v - 3*w + 0*w = 15. Calculate the remainder when 23 is divided by n(v).
7
Let y = 2 - 1. Suppose -225 = 3*o - 12*o. Suppose 0 = -2*s + o - 21. Calculate the remainder when s is divided by y.
0
Suppose 3*v + s - 67 = 0, 50 = 4*v - 5*s - 14. Calculate the remainder when v is divided by 3/4*(17 - 1).
9
Suppose 0 = 2*d - 6 - 10. Suppose -3*p = -d*p + 380. Suppose -4*n + 1 = -i + p, 0 = 2*n + 10. Calculate the remainder when i is divided by 14.
13
Suppose 3*g = -2*c + 817, 4*g + 0*c - 3*c = 1095. Let n be (g/7)/(1*-1). Let y = -14 - n. Calculate the remainder when y is divided by 14.
11
Suppose -206 - 59 = 5*y. Let i = 11 - y. What is the remainder when i is divided by 11?
9
Let q = 57 - 41. Calculate the remainder when 89 is divided by q.
9
Calculate the remainder when 5486/12 - (-15)/18 is divided by 76.
2
Let g = 197 - 102. Let r(v) = 13*v**2 - 2*v - 1. Calculate the remainder when g is divided by r(-1).
11
Suppose 4*c = -v + 37, 3*c = 19*v - 24*v + 253. Let a(q) = q**3 + 10*q**2 - q + 3. What is the remainder when a(-7) is divided by v?
51
Let u be (1*(-3 + 19))/2. Suppose u*w = 11*w - 30. What is the remainder when 36 is divided by w?
6
Let g = -32 - -28. What is the remainder when 786/16 + g/32 is divided by 13?
10
Let j be 34/255 - (-4)/(-30). Suppose j = -5*v - 20, -18 = -u + v + 1. Calculate the remainder when 56 is divided by u.
11
Let h = 146 + -91. Suppose 6*v - v = h. Calculate the remainder when v is divided by 3.
2
Suppose v - 3*v + 342 = 0. Suppose -6*o + 51 = -v. Calculate the remainder when o is divided by 14.
9
Suppose -h = -p + 17, -5*h - 4*p - 81 = -5*p. What is the remainder when 132 is divided by 23/((-2)/h*4)?
40
Let y = -21 - 12. Let k = y - -45. What is the remainder when 58 is divided by k?
10
Suppose 5*h = x + 350, 4*h - 236 - 30 = -2*x. Calculate the remainder when h is divided by 20.
9
Suppose w + 54 = 2*d + d, 0 = 2*d - 2*w - 36. Calculate the remainder when 98 is divided by d.
8
Let w = 119 + -46. Let a = -45 + 65. Calculate the remainder when w is divided by a.
13
Let m be (-1 + 0)*(1 - 0). Let g be (-75)/(-6)*(m - -3). Let d = 44 - g. Calculate the remainder when 54 is divided by d.
16
L